7 a factor of f?
False
Suppose -u = -3*n + 105, 183 = 5*n - 0*u + u. Is n a multiple of 6?
True
Suppose 2*x + 21 = -x. Is 7 a factor of (63/6)/x*-8?
False
Let i(n) = -10*n + 1 + n**3 - 2*n**2 - 2*n**2 - 2*n**2. Let t be i(8). Does 15 divide (-4)/(-8) + t/2?
False
Let l(j) = 5*j + 66. Is 16 a factor of l(22)?
True
Suppose -3*s = 1 - 4. Suppose 3*d - 2*d = s, d + 17 = -3*h. Let q(f) = -3*f - 1. Is q(h) a multiple of 12?
False
Suppose -4*o + 2*l + 216 = 0, 3*l - 167 = -3*o + 13. Does 12 divide o?
False
Let s = 1 + 3. Suppose 0 = 4*v + 3*u - s*u - 18, -4*v - 4*u + 8 = 0. Is v a multiple of 2?
True
Suppose -4*j + 94 = 3*o, 2*j + 2*o - 17 = 29. Does 9 divide j?
False
Let v = 1 - 10. Let z(b) = -5 - 3*b**3 - 2*b + 2*b**3 - 9*b**2 - 5. Is z(v) a multiple of 5?
False
Suppose 14 = 2*j - 0*j. Is j a multiple of 7?
True
Let x(j) = j**3 + 4*j**2 + 4*j - 5. Suppose -5*o = -o - 20. Let p(s) = -2*s**3 - 9*s**2 - 7*s + 9. Let u(f) = o*x(f) + 3*p(f). Is 4 a factor of u(-7)?
False
Let d(h) = -h**2 - 12*h - 15. Let a be d(-10). Suppose 0 = -3*z - a + 14. Is 2 a factor of z?
False
Let r = 5 + -7. Is 14 a factor of 1/((-29)/(-14) + r)?
True
Suppose 3*k - 45 = -5*d, 3*d + 41 = 4*k + k. Let l(o) = o**2 - 10*o + 8. Is 8 a factor of l(k)?
True
Let i(s) = -s**2 + 7*s + 5. Does 4 divide i(5)?
False
Let p be 4/14 + 4/(-14). Suppose -7 = y - p*y. Let v = -5 - y. Is 2 a factor of v?
True
Let x = 255 - 171. Does 26 divide x?
False
Suppose -3*q + p + 33 = 2*p, 0 = 5*q - 3*p - 55. Is q a multiple of 3?
False
Let i(b) = -69*b - 45. Does 33 divide i(-4)?
True
Suppose 0 = a - f - 45, 7*f - 3*f = 3*a - 138. Suppose a - 2 = 2*t. Is t a multiple of 10?
True
Is 9 a factor of 162/(-15)*(-20)/8?
True
Let i(f) = -10*f**3 - f**2 + 3*f - 5. Let q(k) = -3*k + 6*k + 1 + k**3 - 4*k. Let n(g) = i(g) + 4*q(g). Is n(-2) a multiple of 19?
False
Let u = 6 + 1. Suppose -4*w + 16 = 5*p, 3*p - 1 = -2*w + u. Suppose s + 0 - 4 = p, 2*z - 4*s = 10. Does 13 divide z?
True
Is (-21)/35 + 696/10 a multiple of 23?
True
Let r(f) = 2*f + 10. Let k(n) = -2*n + 1. Let q be k(4). Let v be r(q). Is 80/(-50)*110/v a multiple of 22?
True
Suppose -x - 76 = -136. Does 12 divide x?
True
Let n = -63 + 165. Does 5 divide n?
False
Let k be -3 - -3 - -18*1. Is 1236/27 + 4/k a multiple of 12?
False
Let f be -3 - (2 + -3)*-3. Let q = f + 39. Does 11 divide q?
True
Is 14 a factor of 1 + 125/((-1)/(3 - 4))?
True
Suppose 12*v - 34*v + 3278 = 0. Is v a multiple of 4?
False
Suppose 0 = 2*o - 0*q - q + 3, 5*q = -5*o - 45. Let x be (0 + (-2)/o)*-10. Is 13 a factor of -2*(130/4)/x?
True
Suppose 0 = -l - 3 + 11. Suppose -3*y + 5*y + 5*o = 26, 0 = -y - 5*o + l. Is 15 a factor of y?
False
Is 51 a factor of (273/5)/(-7 + (-216)/(-30))?
False
Suppose 0 = -4*y + 13 - 1. Suppose -y*u + u = -4*s - 42, -5*u + 119 = 4*s. Is u a multiple of 23?
True
Let f = -18 - -30. Is 6 a factor of f?
True
Let c = -178 - -125. Let m = c + 89. Does 11 divide m?
False
Let i be (-18)/(-8)*64/3. Suppose -b - 41 = -4*g, -3*g + i = 5*b - 0*b. Is g a multiple of 6?
False
Let y = 93 - 27. Is y a multiple of 7?
False
Let y = -1 - 5. Let r(h) = -2*h**3 - 8*h**2 + 3*h + 3. Let l be r(y). Is 7 a factor of (-1)/3 + l/9?
True
Let g(x) = -x**3 - 12*x**2 - 13*x + 4. Is g(-11) a multiple of 11?
False
Let o = 233 - 23. Does 35 divide o?
True
Does 19 divide 1080/(-4)*(-2 - 8/(-5))?
False
Let g = 12 - 2. Suppose 0 = -3*n - g + 145. Does 13 divide n?
False
Let c = -121 - -217. Is 12 a factor of c?
True
Let q(u) = -u**3 - 15*u**2 - 18*u + 12. Is 17 a factor of q(-14)?
True
Let n(r) = -r**3 + 3*r**2 + 4*r - 2. Let x be n(3). Is 652/x - (-11)/(-55) a multiple of 13?
True
Let j be ((-33)/(-2))/((-3)/(-18)). Let u = j + -35. Let i = 101 - u. Does 16 divide i?
False
Suppose -5*v = 7 - 977. Is v a multiple of 12?
False
Suppose u + 2 = 7. Let a be (-19 - u)*2/(-4). Suppose 2*z + 3*j + 1 = 0, -11 = -2*z + 5*j + a. Is z a multiple of 4?
True
Is 14 a factor of (-230)/(-4)*(-16)/(-20)?
False
Let m(x) = 4*x**2 + x + 2. Let p be m(-4). Let b be (-285)/(-9) + (-1)/(-3). Let r = p - b. Is 12 a factor of r?
False
Let t = 3 + 0. Let y(l) = -23*l**2 + 4*l - 13. Let i(p) = -11*p**2 + 2*p - 6. Let v(f) = t*y(f) - 7*i(f). Does 11 divide v(2)?
False
Let h(w) = 2 - w - 3 + 8. Is h(4) even?
False
Let q(x) = 3*x**2 - 2*x + 2. Suppose -4*t + 12 = 2*n - 6*n, -5*t + 4*n + 14 = 0. Does 3 divide q(t)?
False
Suppose 0 = -0*q - 2*q + 2. Is 49/((0 - q)/(-1)) a multiple of 15?
False
Let a = 3 - 2. Let w be (-27)/(-15) + a/5. Let h(f) = 10*f. Is h(w) a multiple of 8?
False
Let p = 56 - 95. Let b = p + 56. Is 17 a factor of b?
True
Let w(a) = a**2 - 3*a - 6. Let p be w(5). Suppose 4*y = -p*v + 132, 5*y + 5*v - 162 = v. Is y a multiple of 15?
True
Let m be (-2)/((-2)/(-5)) - 0. Let p = m - -3. Does 2 divide 3 + (1 - (p + 1))?
False
Suppose -8*p + 5*p = -9. Suppose 3*d - 36 = -3*i - d, p*i - 5*d - 36 = 0. Does 12 divide i?
True
Suppose 0 = 3*h - 5*h - 60. Suppose -4*f - 57 = -5. Let b = f - h. Does 16 divide b?
False
Let o = 41 + 99. Is 7 a factor of 3/((-5)/(o/(-6)))?
True
Let y(z) = z**3 + 8*z**2 + 10*z + 9. Does 9 divide y(-6)?
False
Is 5 a factor of 1/(6 - 149/25)?
True
Does 10 divide 3 + 14 - 15/(-5)?
True
Let h(l) = -7*l**3 - 7*l**2 - 17*l - 14. Let r(j) = 15*j**3 + 13*j**2 + 35*j + 29. Let g(i) = -13*h(i) - 6*r(i). Does 10 divide g(-12)?
True
Suppose -5*x = -6 - 34. Is 4 a factor of x?
True
Let i be -2 + 6 - (-2)/2. Suppose i*k = 65 - 20. Does 3 divide k?
True
Let a(p) = p + 5. Let w be a(-5). Suppose -3*o + b - 8 = w, o = 3*o + 2*b - 8. Is 19 a factor of (o + -1)/(2/(-19))?
True
Let y(a) = a**2 - 5*a - 8. Let t be y(8). Does 8 divide t - (-1 + 1)/(-2)?
True
Let c(y) be the third derivative of -y**6/60 - y**5/12 - y**4/24 + y**3/3 + 4*y**2. Let q(f) = -f - 3. Let u be q(0). Does 14 divide c(u)?
True
Let b(q) = q**3 - 3*q**2 + 5*q + 5. Does 20 divide b(3)?
True
Let g(w) = w**3 + 13*w**2 - 7*w + 5. Let o be g(-13). Suppose 4*b - o = -s + 3*s, 5*b - 134 = -s. Is b a multiple of 8?
False
Suppose 2*h = -4*x + 342, -3*x + 3*h = -x - 191. Is x a multiple of 9?
False
Let d(h) = -2*h + 6. Let o be d(3). Suppose 4*a + 20 = o, -2*b + 71 + 77 = 4*a. Does 23 divide b?
False
Let f(h) = 6*h**2 + 3*h - 1. Let o be f(-3). Suppose 4*r = -0*r + o. Is 7 a factor of r?
False
Suppose 4*p = 78 + 22. Let k = p + 33. Does 29 divide k?
True
Let s(c) = 3*c + 3. Let t be s(4). Let p = t - -9. Let q = p - 12. Does 12 divide q?
True
Let q be 3 - (1 - (-1)/(-1)). Let s = 29 - q. Let v = -7 + s. Is 15 a factor of v?
False
Suppose -n = 2*n + 408. Let i = -79 - n. Is 21 a factor of i?
False
Let d = 31 + -2. Is d a multiple of 14?
False
Let m(v) = -4*v + 9. Let z be m(-7). Suppose -o + 2*o - z = 0. Is o + 1 + (3 - 3) a multiple of 19?
True
Let u(c) be the third derivative of c**6/120 + c**5/12 - c**4/3 - c**3/2 + 3*c**2. Let o be (4/(-10))/(2/30). Is 5 a factor of u(o)?
False
Let q = -5 + 7. Let o = -8 - q. Is ((-4)/o)/((-1)/(-30)) a multiple of 6?
True
Let j(m) = 24*m + 1. Let p be -1 - -2 - 1/1. Suppose p = 4*n - 3 - 1. Is j(n) a multiple of 25?
True
Let q = 21 - -19. Is 20 a factor of q?
True
Let m be (-61)/(-1) + -1 + 2. Let x = 110 - m. Is x a multiple of 19?
False
Is 6 a factor of (-3)/(-6) - (-63)/2?
False
Let o(y) = 4*y**2 - 18*y - 7. Is o(-5) a multiple of 44?
False
Suppose -10*n + 5*n = -460. Does 24 divide n?
False
Let i(m) = 14*m**2 + 1. Is i(1) a multiple of 15?
True
Suppose 7 = -2*a - 5. Let m be a/15*(-20)/2. Suppose d - 50 = -3*z, 2*z - d - m*d = 56. Is z a multiple of 9?
True
Suppose -2*d = -26 - 64. Does 21 divide d?
False
Let g(c) = c**3 - 8*c**2 - 8*c - 9. Let l be g(9). Suppose -3*b + 1 + 5 = l. Suppose -f + 33 = b*f. Does 10 divide f?
False
Suppose y + 3*y + 12 = 0. Is 22 a factor of (-4)/y*(-324)/(-8)?
False
Let w be (-4 - -57) + 4 - -4. Let g = w - 16. Does 9 divide g?
True
Let j(n) = -2*n - 5. Does 2 divide j(-6)?
False
Let f(d) = d**2 - 1. Let y = -25 + 31. Is 9 a factor of f(y)?
False
Let l(m) = -m**2 + 9*m - 4. Let y = -8 + 16. Let k be l(y). Suppose -5*b = -3*p - 60 - 24, -82 = -k*b - 5*p. Is b a multiple of 7?
False
Let o(u) = -19*u + 41. Let k(d) = 4*d - 12. Let x(b) = -1. Let l(g) = -k(g) + 4*x(g). Let i(v) = -11*l(v) + 2*o(v). Is i(7) a multiple of 12?
True
Suppose 0 = 2*r, -u + 68 = 3*u + 3*r. Suppose -5